m - 2 - 29, 4*w + 16 = 0. Calculate the highest common factor of m and 76.
19
Let i be (-1 + 3 + 1)*(-1274)/(-39). Let z(c) = c**2 - 2*c + 6. Let x be z(4). Calculate the highest common factor of x and i.
14
Let i(p) = -86*p + 1. Suppose 0 = 4*x - 20, 0 = -5*s + 2*x + 3 - 18. Let v be i(s). What is the highest common factor of v and 29?
29
Let m = -638 - -640. Let t be 0*(6/4 + -2). Let v = m - t. What is the greatest common factor of v and 14?
2
Let f(c) = 18*c**2 + 10*c - 11. Let k be f(2). Calculate the highest common factor of 9 and k.
9
Let w = 441 + -412. Calculate the greatest common factor of 261 and w.
29
Let c be 9/54*(-2 + 6)*9. Let l(r) = r**2 - 3*r + 6. Let i be l(c). Calculate the greatest common divisor of 8 and i.
8
Suppose -5*c + 4*w + 18 = -0*w, 0 = -4*c + 5*w + 18. Calculate the highest common factor of 1 and c.
1
Let l(z) = 7*z - 9*z**3 + 7*z**2 + 2*z + 10*z**3 + 4 - 2. Let b be l(-5). What is the greatest common factor of b and 28?
7
Let y(n) = n**3 - 9*n**2 - 2*n + 69. Let g be y(11). What is the greatest common factor of g and 17?
17
Suppose 0*w = -3*w - 21. Let h be (w - -2)/(-5) - -20. What is the highest common factor of h and 3?
3
Suppose 14*x - 10*x = 0. Suppose -i = -4*d + 7, 3 = d - x*i + i. What is the highest common divisor of 2 and d?
2
Let l be (-16)/(1/(4/((-12)/9))). Let g be 2 + 0 - 4 - -30. Suppose 9*a = 4*a + 2*k + g, 2*k + 22 = 4*a. Calculate the highest common factor of a and l.
6
Suppose 11*c = 3*c + 960. What is the greatest common divisor of 56 and c?
8
Suppose -3*s - l + 30 = 0, -4*s = 3*l - 10 - 30. Let i = s + -7. What is the greatest common divisor of 24 and i?
3
Suppose 5*f - 2 = x, 2*x - 4 = -f + 3*f. Suppose 0*q + q = -r + 47, x*r - 5*q = 101. Calculate the greatest common factor of 6 and r.
6
Suppose 4 = b - 1. Suppose 16 = 2*w + r, -b*r + r - 16 = 0. Calculate the highest common divisor of w and 90.
10
Suppose 5*l + 12 = 4*k, -3*k + 5*l - 4*l = -20. Let c be (5 + (-90)/12)*-8. What is the highest common divisor of c and k?
4
Let v be 4 - 32/4*(-69)/6. What is the greatest common factor of 6 and v?
6
Let v = -1 + 1. Let r = v + 0. Suppose -2*z = 4*l - 52, r*z + 20 = z - l. What is the highest common factor of z and 22?
22
Suppose 3*r - 4*d - 48 = 0, -3*d - 33 = -3*r + r. Let n = -9 + 57. What is the greatest common divisor of r and n?
12
Let q be 3/(-2)*32/(-24). Suppose -i - 4*a = 2, -3*i - 3*a + 58 = q*i. What is the highest common divisor of i and 112?
14
Suppose 3*g + 2*f = 63, -2*f + 103 = 5*g - 6. Calculate the highest common factor of g and 184.
23
Let s(d) = 2 - 4*d + 4*d**2 + 2*d - 2*d**2. Let g be s(3). Suppose 5*f - 11 - g = -5*u, -f - 3 = -u. What is the greatest common factor of 20 and u?
4
Let s(a) = -3*a - 3. Let h be s(0). Let x(k) = 3*k + 15. Let z be x(h). What is the highest common divisor of z and 10?
2
Let q be 2/3*(-1 + 4). Suppose -z + 41 = -q*z. Let c = 69 + z. What is the greatest common factor of c and 28?
28
Suppose 4*l = q - 92, 2*l - 3*l = 5*q - 376. What is the highest common factor of q and 608?
76
Let f be (-1)/(-6 + (-1434)/(-240)). Calculate the greatest common divisor of f and 360.
40
Let f be (1024/(-96))/(2/(-510)). What is the highest common divisor of 32 and f?
32
Let a(z) be the third derivative of z**5/60 - 5*z**4/24 - z**3/2 - z**2. Let i be a(-4). Let l = 915 + -904. Calculate the greatest common factor of i and l.
11
Let o(a) = -a. Let d(f) = 26*f + 3. Let u(i) = d(i) + 6*o(i). Let k be u(3). Suppose -3*r + 50 = 29. What is the highest common divisor of k and r?
7
Let i be (2 - -4 - 1) + -2. Let a(y) = y**3 - 2*y**2 + y + 1. Let u be a(i). Let x be 14/63 + (-2 - 1936/(-36)). What is the highest common factor of u and x?
13
Let c = -4 + 6. Suppose -39 = -5*z - c*l, -5*l - 1 = -3*z + 41. Suppose z*o - 65 = 4*o. Calculate the greatest common divisor of o and 91.
13
Suppose -4*u + 0 - 4 = 0. Let f be (-178)/(-8) + u/4. Calculate the highest common factor of 55 and f.
11
Suppose -15*k - 4*j + 338 = -10*k, j = -5*k + 347. Suppose -2*h + 34 = h + 2*p, 5*p = h - 34. Calculate the greatest common factor of h and k.
14
Let n(h) = -4*h + 5. Let g(l) = -6*l + 7. Let d be g(2). Let q be n(d). Let s = q - -52. Calculate the highest common divisor of s and 7.
7
Let p = 12 - 9. Suppose 5*q = -2*u + u + 8, -p*u + 2*q - 10 = 0. Let n be 5*1 + u/1. What is the greatest common factor of n and 24?
3
Suppose i + 70 = 6*i. Suppose 1 = 3*g - i. Suppose 2*m - 10 = -2*x, 4*m - 74 + 24 = 2*x. What is the highest common divisor of m and g?
5
Let b(t) = 2*t + 8. Let x be b(5). Let q(y) = -22*y. Suppose -10 = -5*n - 55. Let l be q(n). What is the highest common divisor of x and l?
18
Suppose 95 = b - 670. Suppose 5*f = 10*f - b. Suppose -5*i = 2*y - 29, 0*y + 4*i + 72 = 4*y. What is the greatest common factor of f and y?
17
Let o be ((924/(-15))/(-1))/((-26)/(-65)). Suppose 2*c + 84 = 3*z, z = 5*z - c - 112. Calculate the highest common factor of o and z.
14
Let c be 6/4*11968/96. Calculate the greatest common divisor of c and 17.
17
Suppose 0 = 44*j - 23*j - 273. Let w = 68 - 29. What is the greatest common divisor of w and j?
13
Suppose -79*k + 80*k = 1606. What is the highest common divisor of k and 44?
22
Suppose i - 47 = 4*f - 0*f, 0 = i + 3*f - 26. Suppose 4*z = 4*c + 82 + 318, 2*c = -5*z + 535. What is the highest common divisor of i and z?
35
Suppose 38*r - 55*r = -68. Calculate the highest common factor of 36 and r.
4
Let r = -110 - -162. Suppose -5*y + 6 = 4*s, 3*s - 8 + 2 = -3*y. Calculate the greatest common factor of r and s.
4
Let w = 2 - 6. Let m(k) = k**3 + 15 + 0*k - 10 - 3*k + 3*k**2. Let x be m(w). What is the highest common factor of 4 and x?
1
Let x = -756 + 1320. What is the greatest common factor of 4 and x?
4
Suppose -2 = 2*x - 3*x. Suppose 55 + 5 = x*c. What is the greatest common factor of 12 and c?
6
Let s = 3 - -6. Let f be (-2)/s - 1136/(-9). Let y(c) = c**2 + 7*c - 4. Let n be y(-9). What is the greatest common factor of f and n?
14
Let j(u) = 6*u - 38. Let c be j(10). Suppose 3*l = n + 526, -3*l = -5*l - 2*n + 356. Calculate the highest common divisor of l and c.
22
Let b = 41 - 43. Let c be 190/8 + b/((-48)/(-18)). Calculate the greatest common divisor of 253 and c.
23
Let k = 10 - 2. Let h be -12*(1/(-2) + 2/2). Let m be 4/h*(-2 - 4). What is the greatest common factor of k and m?
4
Let h be ((-4)/1)/4 + 1 + 0. Let d(a) = -4*a + 14. Let o be d(h). Calculate the greatest common factor of o and 7.
7
Suppose 0 = -0*f + 2*f + 2*g - 220, 441 = 4*f + 3*g. Let q = -7 + f. What is the highest common factor of q and 26?
26
Suppose -1296 = -32*b + 1520. Calculate the greatest common factor of b and 44.
44
Suppose 15*y = 33*y - 2574. Calculate the highest common divisor of 11 and y.
11
Let m(o) = o**3 - 3*o**2 + 4*o - 9. Let n be m(3). Suppose 0 = -2*d - 2*u + 68, n*d - 149 = 3*u - 47. Calculate the highest common divisor of d and 17.
17
Let p(g) = -g**2 + 6*g + 10. Let m be p(7). Let u be (7 + m + -1)*47. Suppose -45 = 2*x - u. What is the highest common factor of x and 27?
27
Let n(g) be the second derivative of -g**5/20 - 5*g**4/12 - g**3/3 + g**2 + 19*g. Let s be n(-5). Calculate the greatest common factor of s and 24.
12
Let j be (-41)/(1722/(-28)) + (-229)/(-3). What is the greatest common divisor of 55 and j?
11
Let k = 36 + -61. Let t = 44 + k. What is the highest common divisor of t and 152?
19
Let b be (-6)/33 - 140/77. Let x(p) = -8*p**3 + 2. Let q be x(b). What is the greatest common factor of q and 165?
33
Let x be 750/1050 + (-326)/(-14). Let h(f) = 3*f**3 - 4*f + f - f**2 + 4*f. Let p be h(1). Calculate the greatest common factor of p and x.
3
Let u be (4/6)/((-16)/24) - -13. What is the greatest common factor of 16 and u?
4
Let m(w) = w**3 + 5*w**2 - 5*w + 2. Let s be m(-6). Let q be (63/(-12))/(1/s). Let p = -13 + q. What is the greatest common factor of 8 and p?
8
Let p be 2/((-2)/3) - 5. Let c be 2824/56 + p/(-14). Let l be (-100)/(-3) - 6/(-9). Calculate the highest common divisor of c and l.
17
Suppose 4*a + 3 = -5*q, -a = 4*a - 4*q + 14. Let s be 3 - ((-2)/a + -2). What is the greatest common divisor of 12 and s?
4
Suppose 80*l = 41*l + 429. What is the highest common factor of l and 44?
11
Let h(p) = -2*p**2 - 12*p - 8. Let f be 